{"id":2,"date":"2017-04-21T16:53:50","date_gmt":"2017-04-21T16:53:50","guid":{"rendered":"http:\/\/link2.com.br\/acoforte\/?page_id=2"},"modified":"2020-08-18T16:22:46","modified_gmt":"2020-08-18T19:22:46","slug":"sample-page","status":"publish","type":"page","link":"https:\/\/cdsservicos.com\/?page_id=2","title":{"rendered":"Empresa"},"content":{"rendered":"<h4>Sobre n\u00f3s<\/h4>\t\t\n\t\t\t\t\t\t\t\t\t\t<img loading=\"lazy\" decoding=\"async\" width=\"700\" height=\"445\" src=\"http:\/\/cdsservicos.com\/wp-content\/uploads\/2020\/08\/facilities.jpg\" alt=\"\" srcset=\"http:\/\/cdsservicos.com\/wp-content\/uploads\/2020\/08\/facilities.jpg 700w, http:\/\/cdsservicos.com\/wp-content\/uploads\/2020\/08\/facilities-300x191.jpg 300w\" sizes=\"auto, (max-width: 700px) 100vw, 700px\" \/>\t\t\t\t\t\t\t\t\t\t\t\n\t\t<p>Em atividade desde 2006, a CDS Servi\u00e7os e Monitoramento \u00e9 uma empresa prestadora de servi\u00e7os nas \u00e1reas de Portaria, Limpeza, Seguran\u00e7a e Manuten\u00e7\u00e3o.<\/p>\n<p>Estamos estabelecidos em S\u00e3o Paulo, capital e temos como finalidade buscar a excel\u00eancia na terceiriza\u00e7\u00e3o de m\u00e3o de obra para empresas, ind\u00fastrias, escolas, supermercados e condom\u00ednios, em servi\u00e7os de limpeza e multisservi\u00e7os<\/p>\n<p>A presen\u00e7a de nossos colaboradores tem como objetivo principal manter a ordem e a tranquilidade nos ambientes onde o servi\u00e7o \u00e9 realizado, preservando seu patrim\u00f4nio.<\/p>\n<p><\/p>\n<p>\u00a0<\/p>\n<p><\/p>\t\t\n\t\t\t\t<h3>\n\t\t\t\t\tMiss\u00e3o\n\t\t\t\t<\/h3>\n\t\t\t\t\t\t\t\t<p>Oferecer aos nossos clientes Tranquilidade, Confian\u00e7a e Seguran\u00e7a atrav\u00e9s de profissionais altamente qualificados, treinados e motivados, empregando novas tecnologias, sem perder os princ\u00edpios \u00e9ticos e morais, que \u00e9 a base Fundamental de nossa empresa.<\/p>\n\t\t\t\t<h3>\n\t\t\t\t\tVis\u00e3o\n\t\t\t\t<\/h3>\n\t\t\t\t\t\t\t\t<p>Ser refer\u00eancia e \u00edcone de seguran\u00e7a, na presta\u00e7\u0101o de servi\u00e7os e monitoramento em todo territ\u00f3rio nacional<\/p>\n\t\t\t\t<h3>\n\t\t\t\t\tValores\n\t\t\t\t<\/h3>\n\t\t\t\t\t\t\t\t<p>Ter Compromisso com os nossos Clientes, \u00c9tica e Transpar\u00eancia, Foco na Qualidade de Servi\u00e7os, Simplicidade e Agilidade.<\/p>\n\t\t\t\t\t\t\t\t\t\t<img loading=\"lazy\" decoding=\"async\" width=\"700\" height=\"445\" src=\"http:\/\/cdsservicos.com\/wp-content\/uploads\/2020\/08\/responsabilidade.png\" alt=\"\" srcset=\"http:\/\/cdsservicos.com\/wp-content\/uploads\/2020\/08\/responsabilidade.png 700w, http:\/\/cdsservicos.com\/wp-content\/uploads\/2020\/08\/responsabilidade-300x191.png 300w\" sizes=\"auto, (max-width: 700px) 100vw, 700px\" \/>\t\t\t\t\t\t\t\t\t\t\t\n\t\t\t<h4>Responsabilidade Social<\/h4>\t\t\n\t\t<p>No ramo da atividade desenvolvida na \u00e1rea de seguran\u00e7a eletr\u00f4nica composto por instala\u00e7\u00f5es, manuten\u00e7\u00f5es, monitorias para circuito fechado de televis\u0101o e instala\u00e7\u00f5es de equipamentos de seguran\u00e7a, enfrentamos muitos problemas com o desperd\u00edcio de res\u00edduos como,<br \/>fios, cabos, placas e computadores antigos e baterias, enfim, todo tipo de lixo eletr\u00f4nico.<\/p>\n<p>Como solu\u00e7\u0101o adotada, fazemos o descarte corretamente, pois tratamos todos os res\u00edduos em coletas seletivas.<\/p>\n<p>Al\u00e9m do repasse destes itens as empresas de reciclagem parceiras que fazem a coleta de forma limpa e organizada, o que reduz o impacto ambiental e resulta em benef\u00edcios distintos como:<\/p>\n<p>A conscientiza\u00e7\u0101o dos nossos colaboradores em se fazer uma a\u00e7\u0101o politicamente correta, melhora na auto estima, na satisfa\u00e7\u0101o de fazer a parte que lhe cabe para melhorar o seu espa\u00e7o sem res\u00edduos, reflexo de poder auxiliar entidades carentes haja vista que com o retorno financeiro adquirido deste projeto de responsabilidade social, \u00e9 feito um direcionamento de 100% em benef\u00edcio a entidades assistenciais e carentes.<\/p>\n<p>\u00a0<\/p>\n<p><!-- \/wp:post-content --><\/p>","protected":false},"excerpt":{"rendered":"<p>Sobre n\u00f3s Em atividade desde 2006, a CDS Servi\u00e7os e Monitoramento \u00e9 uma empresa prestadora de servi\u00e7os nas \u00e1reas de Portaria, Limpeza, Seguran\u00e7a e Manuten\u00e7\u00e3o. Estamos estabelecidos em S\u00e3o Paulo, capital e temos como finalidade buscar a excel\u00eancia na terceiriza\u00e7\u00e3o de m\u00e3o de obra para empresas, ind\u00fastrias, escolas, supermercados e<\/p>\n","protected":false},"author":1,"featured_media":338,"parent":0,"menu_order":0,"comment_status":"closed","ping_status":"open","template":"elementor_header_footer","meta":{"footnotes":""},"class_list":["post-2","page","type-page","status-publish","has-post-thumbnail","hentry"],"_links":{"self":[{"href":"https:\/\/cdsservicos.com\/index.php?rest_route=\/wp\/v2\/pages\/2","targetHints":{"allow":["GET"]}}],"collection":[{"href":"https:\/\/cdsservicos.com\/index.php?rest_route=\/wp\/v2\/pages"}],"about":[{"href":"https:\/\/cdsservicos.com\/index.php?rest_route=\/wp\/v2\/types\/page"}],"author":[{"embeddable":true,"href":"https:\/\/cdsservicos.com\/index.php?rest_route=\/wp\/v2\/users\/1"}],"replies":[{"embeddable":true,"href":"https:\/\/cdsservicos.com\/index.php?rest_route=%2Fwp%2Fv2%2Fcomments&post=2"}],"version-history":[{"count":20,"href":"https:\/\/cdsservicos.com\/index.php?rest_route=\/wp\/v2\/pages\/2\/revisions"}],"predecessor-version":[{"id":400,"href":"https:\/\/cdsservicos.com\/index.php?rest_route=\/wp\/v2\/pages\/2\/revisions\/400"}],"wp:featuredmedia":[{"embeddable":true,"href":"https:\/\/cdsservicos.com\/index.php?rest_route=\/wp\/v2\/media\/338"}],"wp:attachment":[{"href":"https:\/\/cdsservicos.com\/index.php?rest_route=%2Fwp%2Fv2%2Fmedia&parent=2"}],"curies":[{"name":"wp","href":"https:\/\/api.w.org\/{rel}","templated":true}]}}